*j + 10, 7*a - 5*j = 5*a + 18. Let g(p) = 25 + 23 - 50 - 5*p**2 + a*p - p**3. Determine g(-6).
10
Let r(a) = a + 5*a + 3 + a**2 - 13*a + 10*a. Determine r(-6).
21
Let j(s) = 6*s - 4*s + 6 + 2. Suppose -b + 3 - 12 = -3*o, -4*b + 3*o = 27. Calculate j(b).
-4
Let p(y) = -2 - 9*y - 3*y**2 + 1 - 3 + 8*y + 14*y**3 - 15*y**3. What is p(-4)?
16
Suppose n + 92 = -45*n. Let j(x) = -7*x**3 - x + 1. Let t(d) = -4*d + 0*d + 1 + 3*d. Let v(s) = n*t(s) + j(s). Calculate v(1).
-7
Let i = -5 - -10. Suppose -i*h + 4*j - 16 = 0, 4*h + j - 8 = -j. Suppose 5*p + n + 27 = h, -2*p + 1 = -p - 3*n. Let r(c) = c**2 + 5*c + 3. Give r(p).
3
Suppose -5*r + 3*r = -3*h + 8, -2*r + h = 0. Let n(i) = 17*i**3 + i**3 - 38*i**3 - i**r + i. What is n(1)?
-20
Let h(q) be the third derivative of 0 - q**2 + q**3 - 1/120*q**5 + 5/12*q**4 + 0*q. Let j(r) be the first derivative of h(r). Calculate j(5).
5
Let n(x) = -x**2 + 11 - 3*x + 6*x**2 - 2 - 7 - x**2 - x**3. Give n(4).
-10
Let v(a) be the first derivative of -a**2/2 + 2*a - 2534. Let h be -1*(1 - -1 - 5). Calculate v(h).
-1
Let l(s) = 2*s + 3. Let o = 204 - 208. Determine l(o).
-5
Let k be (-74)/(-333) + (-11)/9. Let w(s) = 8*s**3 + s**2 - 1. Give w(k).
-8
Let s(t) = 10*t - 14. Let l(w) = 9*w - 12. Let q(z) = 9*l(z) - 8*s(z). Suppose -4*v - 12 = -h, 0*h = 2*v + h + 6. Calculate q(v).
1
Let m(p) be the first derivative of -3*p**4/4 - p**3/3 + 13. Calculate m(-1).
2
Let i(o) be the third derivative of o**5/60 + o**4/6 + o**3 + 84*o**2 + o. Calculate i(-4).
6
Let y(z) = z**3 - z**2 - 2*z - 4. Let o(d) = d**3 - d**2 - 3*d - 3. Let i(f) = 2*o(f) - 3*y(f). Give i(0).
6
Let f(w) = 49*w - 8*w**2 - 104*w + 54*w. Determine f(-2).
-30
Suppose 2*l - 5*l - 2*z + 1 = 0, 4*z + 16 = 0. Let h be (-22)/(-55) + 32/(-5). Let x be (-17)/l + h/(-9). Let j(q) = q**3 + 6*q**2 + 7*q + 2. Calculate j(x).
-8
Suppose 5*x + 6 - 16 = 0. Let i(z) = 50 - 48 + z**x - z - 6*z. What is i(6)?
-4
Let b(p) = -11*p + 34*p - 55*p - 1 + 31*p. Let x be -3 + (-1 - -3) - -4. Give b(x).
-4
Let u(y) = y**3 - 7*y**2 + 4*y - 105. Let c be u(8). Let h(r) = r**3 + 10*r**2 + 10*r + 9. Determine h(c).
0
Let u(n) be the first derivative of 7*n**3/3 + n**2/2 - n - 8. Let t(h) = 2*h + 6. Let r be t(6). Suppose -2*g + r = 4*d, -d - 11 = g - 4*d. Give u(g).
7
Let r(h) be the third derivative of h**6/120 - h**5/6 - 13*h**4/24 + 5*h**3/2 + 2*h**2 - 4*h. Give r(11).
-7
Let w be 175/15 - 4/(-12). Suppose 6*c - w = 3*c. Let d(o) = 2*o**3 + 2*o**3 + 6 - 2*o**2 + c*o - 3 - 5*o**3. Determine d(-3).
0
Let y be 3/2*(-4)/(-2). Let z(u) be the third derivative of -u**4/24 + u**3/3 + 813*u**2. Determine z(y).
-1
Let n(c) = -5*c + 4. Let m be 15*(-3)/(-9)*(4 - 3). Give n(m).
-21
Let a(q) be the third derivative of q**8/20160 + q**6/720 + 7*q**5/30 - 9*q**2. Let p(t) be the third derivative of a(t). What is p(-2)?
5
Let p(s) be the second derivative of -s**3/6 + 7*s**2/2 - 108*s - 2. What is p(3)?
4
Let o(t) = -t - 1. Let b be 2 - 1 - (-64 - 2). Suppose b = -6*i + 31. What is o(i)?
5
Let x(m) = 12*m**2 + 3*m + 21. Let c(j) = -7*j**2 - j - 11. Let k(z) = 7*c(z) + 4*x(z). What is k(7)?
-7
Suppose 0 = 5*s - 3*r + 10, -3*s + 2*r + 20 = -5*s. Let z be -5 - 2*(4 + s). Let l(h) = -2*h**3 - 4*h**2 + h - 1. Determine l(z).
14
Let v(w) = w**2 + 5*w + 1. Let a be 161/35 + (-4)/(-10). Suppose a*k = 9*k + 8. Determine v(k).
-5
Let c = -512 + 509. Let m(t) = 2*t - 2. Calculate m(c).
-8
Suppose -2*d + d = 2*w - 5, -w - 5*d = 2. Let x(v) = -w*v + 4*v + 2 + v + v. Let o(y) = -y**3 + 10*y**2 - 9*y - 5. Let p be o(9). What is x(p)?
-13
Let g be (-26)/(-3) - 3/(-9). Let d(w) = 7*w + g*w - 17*w. Determine d(-3).
3
Let q(h) = -h**2 + 12*h + 2. Let r be 1380/210 + (-2)/(14/(-3)). Give q(r).
37
Let j(d) = -d**3 - 3*d**2 - 3*d - 3. Let w = -11 + 15. Suppose v = -w*v - 10. Let p be v + (2/2)/(-1). What is j(p)?
6
Let q(j) = 15*j + 3*j**2 + j**2 - 3*j**2 - 2 - 18*j. Calculate q(5).
8
Let d(v) be the second derivative of -1/3*v**3 + 0 + 2*v + 3/2*v**2 + 1/12*v**4. Give d(2).
3
Suppose -4*m = -35 - 97. Let u = -37 + m. Let l(b) = -2*b - 4. Give l(u).
4
Let g(p) = p - 6. Let m(o) = 11*o - 25. Let h(d) = -4*g(d) + m(d). Let c(i) = i - 1. Let r be c(0). Let s be (-1)/2 + r/2. Give h(s).
-8
Let d(c) = 27 + 15 + 24 - 61 + c. Give d(5).
10
Let d(s) = -37*s + 14. Let n(k) = -13*k + 5. Let g(v) = -6*d(v) + 17*n(v). Determine g(4).
5
Suppose -16*w = 19*w. Let x(g) = 7*g + 3. Give x(w).
3
Suppose -3*j + 4*m - 11 = 13, -m + 19 = -4*j. Let q(v) be the second derivative of -v**2 + 0 - 1/12*v**4 - 2/3*v**3 - v. Give q(j).
-2
Let s be ((-30)/45)/((-4)/30). Let q be -2 + (s - (7 + -4)). Let t be (-20)/5 - (1 - q). Let a(m) = -m - 3. Determine a(t).
2
Let s = 38 - 40. Let n(v) = v**3 + 2*v**2 - 2*v + 1. Give n(s).
5
Suppose -54 = 6*o - 4*o. Let n = 30 + o. Suppose -4*h = -4*q + 24, -n*q - 2 = -4*q. Let f(p) = -p - 4. Calculate f(h).
0
Let b(h) = 2*h - 6. Let q(m) = -13*m + 126. Let g be q(9). Suppose 2 = -s - 2*s - 2*a, a = 5. Let y = g + s. Give b(y).
4
Let n(k) = -4*k + 6. Let b be -2 + (-8)/(-4) + 14. Let l(r) = -13*r - 1 + 0 + b*r. Let v(u) = -5*l(u) - n(u). Calculate v(-1).
0
Let j(c) be the second derivative of -14*c - 1/6*c**3 + 0 + 7/2*c**2. What is j(7)?
0
Let o = 33 - 31. Let d(x) = 13*x - x**2 - 14*x + x**2 - o*x**2. Let v be (2 - 1)*1 + -2. What is d(v)?
-1
Let x(p) be the first derivative of p**3/3 - 7*p**2/2 - p - 38. Give x(8).
7
Let f(b) = 5*b**3 - 2*b**2 + 7. Let v(p) = -7*p**3 + 3*p**2 - 11. Let z(j) = -8*f(j) - 5*v(j). Suppose -4 = m + 1, -2*m = -3*r + 13. What is z(r)?
-5
Let p(n) = -3*n**2 + 64*n + 6. Let v(l) = -2*l**2 + 41*l + 4. Let d(c) = -5*p(c) + 8*v(c). Let r = 21 - 14. Determine d(r).
9
Let v be (-32 - -31) + 4/1. Let i(z) = z**3 + z**2 - 3*z + 1. Calculate i(v).
28
Suppose -1 = -4*y + l, 2*y = 4*l - 2*l - 4. Let t(c) be the third derivative of c**6/30 - c**5/60 - c**4/24 + c**3/6 - 63*c**2 + 2. What is t(y)?
3
Let u(y) = -19*y**3 + y**2 - y. Let x = -247 - -248. Calculate u(x).
-19
Let a(k) be the second derivative of -k**3/6 + k**2/2 - 1667*k. Let u(x) = -x**2 - 2*x + 2. Let h be u(-4). Calculate a(h).
7
Let c(u) be the second derivative of 0 + 1/2*u**3 - 1/6*u**4 + 5*u - 5/2*u**2. Let l(s) be the first derivative of c(s). Determine l(3).
-9
Let s(j) = 4*j**3 + 9*j - 7*j**2 - 9*j**3 + 6*j**3 - 5 - j. Suppose 8*i - 67 = -19. Calculate s(i).
7
Suppose -5*l + 0*l = 140. Let r = l + 24. Let t(q) = 3*q + 3. Determine t(r).
-9
Let c = -829 + 831. Let v(q) = q**3 - 2*q**2 + 5*q - 5. Calculate v(c).
5
Let d(m) be the third derivative of m**5/60 + 13*m**4/24 + 2*m**3 - 17*m**2 - 2. Calculate d(-11).
-10
Let z be (8/(-2))/((-6)/3). Let h(x) = -x**2 - 40*x + z*x**2 - 1 + 38*x + x**2. Suppose -4*n = -2*m - m - 24, -10 = -2*n + m. Calculate h(n).
11
Let x = 16 - 13. Let m(z) = 4 - 2 - 1 - z - x. Let p be m(-4). Let b(i) = i**2 - 2*i. Give b(p).
0
Let n(d) = -d - 1. Let h(r) = -8*r - 1. Let w(m) = h(m) - n(m). Let s(v) = 5*v. Let g be s(1). Let p be -2 + g + (-2 - 0). Determine w(p).
-7
Let o be ((-180)/(-14))/(-3) - 26/(-91). Let i(h) = 2*h - 1. What is i(o)?
-9
Suppose 4*m - 5 = -g + 2*m, 4*m + 45 = 3*g. Let x(b) = g - 7 + 2*b + 7*b**2 - 5 + 5*b + b**3. Give x(-6).
-7
Let j(a) = -9*a**2 - 11*a + 15. Let y be j(1). Let f(c) = c + 22. What is f(y)?
17
Let k(w) = 3*w**3 - w**2 - 2*w - 1. Let g(c) = c**3 - c. Let b(m) = 4*g(m) - k(m). Let n = 5 - 2. Suppose n*a = h + 9 + 5, 3*h - 5*a = -26. Give b(h).
1
Let p(r) be the second derivative of 0 + 7/6*r**3 + 9/2*r**2 - 3*r. Let i(k) = -8*k - 10. Let d(z) = 6*i(z) + 7*p(z). What is d(-4)?
-1
Let g be (-340)/(-544) - 10/16. Let u(v) be the second derivative of g + 1/3*v**3 - 1/4*v**5 - 5*v + 1/12*v**4 + 1/2*v**2. Calculate u(-1).
5
Let n(t) = t - 2*t - 3 + 7 + 0*t. Let l be n(5). Let u(g) = -g**2 - 1. Calculate u(l).
-2
Let y be (4 + -1)*1/1. Let t(g) be the first derivative of -g**4/4 + g**3 + 4*g + 35. Calculate t(y).
4
Suppose -4*s = -8, -8 = 2*o + 5*s - 13*s. Let t(i) = 4*i - 15. Determine t(o).
1
Suppose -183 = -2*q - 59. Let d = 60 - q. Let g(m) = -m**2 + 2*m - 4. Let u(k) = k - 1. Let l(j) = -g(j) + 2*u(j). Determine l(d).
6
Let v(u) = -u**3 + u**2 - 3*u + 1. Let q(o) = -15*o**3 + 3*o**2 - 15*o + 6. Let m(j) = q(j) - 5*v(j). Let c = 0 - 0. Let t = -1 + c. Give m(t).
9
Let w(